{"id":450,"date":"2020-03-27T08:15:07","date_gmt":"2020-03-27T07:15:07","guid":{"rendered":"https:\/\/guimard.eu\/?page_id=450"},"modified":"2024-03-25T07:49:07","modified_gmt":"2024-03-25T06:49:07","slug":"bricolage","status":"publish","type":"page","link":"https:\/\/guimard.eu\/index.php\/bricolage\/","title":{"rendered":"Bricolage"},"content":{"rendered":"\n<h4 class=\"wp-block-heading\"><a href=\"https:\/\/guimard.eu\/index.php\/fabriquer-sa-colle-a-bois\/\">Fabriquer sa colle \u00e0 bois<\/a><\/h4>\n\n\n\n<h4 class=\"wp-block-heading\"><a href=\"https:\/\/guimard.eu\/index.php\/bricolage\/fabriquer-sa-pate-a-bois\/\">Fabriques sa p\u00e2te \u00e0 bois<\/a><\/h4>\n\n\n\n<div class=\"wp-block-buttons is-layout-flex wp-block-buttons-is-layout-flex\">\n<div class=\"wp-block-button\"><a class=\"wp-block-button__link wp-element-button\" href=\"http:\/\/guimard.eu\/\">Accueil<\/a><\/div>\n<\/div>\n","protected":false},"excerpt":{"rendered":"<p>Fabriquer sa colle \u00e0 bois Fabriques sa p\u00e2te \u00e0 bois<\/p>\n","protected":false},"author":1,"featured_media":0,"parent":0,"menu_order":0,"comment_status":"closed","ping_status":"closed","template":"","meta":{"colormag_page_container_layout":"default_layout","colormag_page_sidebar_layout":"default_layout","footnotes":""},"class_list":["post-450","page","type-page","status-publish","hentry"],"_links":{"self":[{"href":"https:\/\/guimard.eu\/index.php\/wp-json\/wp\/v2\/pages\/450","targetHints":{"allow":["GET"]}}],"collection":[{"href":"https:\/\/guimard.eu\/index.php\/wp-json\/wp\/v2\/pages"}],"about":[{"href":"https:\/\/guimard.eu\/index.php\/wp-json\/wp\/v2\/types\/page"}],"author":[{"embeddable":true,"href":"https:\/\/guimard.eu\/index.php\/wp-json\/wp\/v2\/users\/1"}],"replies":[{"embeddable":true,"href":"https:\/\/guimard.eu\/index.php\/wp-json\/wp\/v2\/comments?post=450"}],"version-history":[{"count":14,"href":"https:\/\/guimard.eu\/index.php\/wp-json\/wp\/v2\/pages\/450\/revisions"}],"predecessor-version":[{"id":1165,"href":"https:\/\/guimard.eu\/index.php\/wp-json\/wp\/v2\/pages\/450\/revisions\/1165"}],"wp:attachment":[{"href":"https:\/\/guimard.eu\/index.php\/wp-json\/wp\/v2\/media?parent=450"}],"curies":[{"name":"wp","href":"https:\/\/api.w.org\/{rel}","templated":true}]}}