{"id":632,"date":"2021-01-11T10:55:44","date_gmt":"2021-01-11T09:55:44","guid":{"rendered":"https:\/\/guimard.eu\/?page_id=632"},"modified":"2025-10-02T16:06:25","modified_gmt":"2025-10-02T14:06:25","slug":"desserts","status":"publish","type":"page","link":"https:\/\/guimard.eu\/index.php\/mes-recettes\/desserts\/","title":{"rendered":"Desserts et p\u00e2tisseries"},"content":{"rendered":"\n<h2 class=\"wp-block-heading\" id=\"base-de-patisserie\"><a rel=\"noreferrer noopener\" href=\"https:\/\/guimard.eu\/index.php\/mes-recettes\/base-de-patisserie\/\" data-type=\"URL\" data-id=\"https:\/\/guimard.eu\/index.php\/mes-recettes\/base-de-patisserie\/\" target=\"_blank\">Base de p\u00e2tisserie<\/a><\/h2>\n\n\n\n<h2 class=\"wp-block-heading\" id=\"biscuits-pour-gateaux\"><a href=\"https:\/\/guimard.eu\/index.php\/les-biscuits-pour-gateaux\/\" data-type=\"URL\" data-id=\"https:\/\/guimard.eu\/index.php\/les-biscuits-pour-gateaux\/\">Biscuits pour g\u00e2teaux<\/a><\/h2>\n\n\n\n<h2 class=\"wp-block-heading\"><a rel=\"noreferrer noopener\" href=\"https:\/\/guimard.eu\/index.php\/creme-aux-oeufs\/\" data-type=\"URL\" data-id=\"https:\/\/guimard.eu\/index.php\/creme-aux-oeufs\/\" target=\"_blank\">Cr\u00eame aux \u0153ufs<\/a><\/h2>\n\n\n\n<h2 class=\"wp-block-heading\"><a href=\"https:\/\/guimard.eu\/index.php\/entremet-mousse-vanille-avec-insert-a-la-framboise-et-dacquoise\/\" data-type=\"URL\" data-id=\"https:\/\/guimard.eu\/index.php\/entremet-mousse-vanille-avec-insert-a-la-framboise-et-dacquoise\/\" target=\"_blank\" rel=\"noreferrer noopener\">Entremet mousse vanille avec insert \u00e0 la framboise et dacquoise<\/a><\/h2>\n\n\n\n<h2 class=\"wp-block-heading\"><a rel=\"noreferrer noopener\" href=\"https:\/\/guimard.eu\/index.php\/mes-recettes\/desserts\/flan-parisien\/\" data-type=\"URL\" data-id=\"https:\/\/guimard.eu\/index.php\/mes-recettes\/desserts\/flan-parisien\/\" target=\"_blank\">Flan p\u00e2tissier<\/a><\/h2>\n\n\n\n<h2 class=\"wp-block-heading\"><a rel=\"noreferrer noopener\" href=\"https:\/\/guimard.eu\/index.php\/mes-recettes\/desserts\/flan-patissier-sans-pate\/\" data-type=\"URL\" data-id=\"https:\/\/guimard.eu\/index.php\/mes-recettes\/desserts\/flan-patissier-sans-pate\/\" target=\"_blank\">Flan p<\/a><a href=\"https:\/\/guimard.eu\/index.php\/mes-recettes\/desserts\/flan-patissier-sans-pate\/\" data-type=\"URL\" data-id=\"https:\/\/guimard.eu\/index.php\/mes-recettes\/desserts\/flan-patissier-sans-pate\/\" target=\"_blank\" rel=\"noreferrer noopener\">\u00e2<\/a><a rel=\"noreferrer noopener\" href=\"https:\/\/guimard.eu\/index.php\/mes-recettes\/desserts\/flan-patissier-sans-pate\/\" data-type=\"URL\" data-id=\"https:\/\/guimard.eu\/index.php\/mes-recettes\/desserts\/flan-patissier-sans-pate\/\" target=\"_blank\">tissier sans pate<\/a><\/h2>\n\n\n\n<h2 class=\"wp-block-heading\" id=\"galette-des-rois-a-l-amande\"><a rel=\"noreferrer noopener\" href=\"https:\/\/guimard.eu\/index.php\/mes-recettes\/galette-des-rois-a-lamande\/\" data-type=\"URL\" data-id=\"https:\/\/guimard.eu\/index.php\/mes-recettes\/galette-des-rois-a-lamande\/\" target=\"_blank\">Galette des rois \u00e0 l&rsquo;amande<\/a><\/h2>\n\n\n\n<h2 class=\"wp-block-heading\" id=\"gateau-renverse-a-l-ananas\"><a rel=\"noreferrer noopener\" href=\"https:\/\/guimard.eu\/index.php\/mes-recettes\/desserts\/gateau-renverse-a-lananas\/\" data-type=\"URL\" data-id=\"https:\/\/guimard.eu\/index.php\/mes-recettes\/desserts\/gateau-renverse-a-lananas\/\" target=\"_blank\">G\u00e2teau renvers\u00e9 \u00e0 l&rsquo;ananas<\/a><\/h2>\n\n\n\n<h2 class=\"wp-block-heading\"><a href=\"https:\/\/guimard.eu\/index.php\/quatre-quarts-aux-pommes\/\" data-type=\"page\" data-id=\"1058\" target=\"_blank\" rel=\"noreferrer noopener\">Quatre quarts aux pommes<\/a><\/h2>\n\n\n\n<h2 class=\"wp-block-heading\" id=\"pain-brioche-et-pate\"><a rel=\"noreferrer noopener\" href=\"https:\/\/guimard.eu\/index.php\/mes-recettes\/pain-et-pate\/\" data-type=\"URL\" data-id=\"https:\/\/guimard.eu\/index.php\/mes-recettes\/pain-et-pate\/\" target=\"_blank\">Pain, brioche et p\u00e2te<\/a><\/h2>\n\n\n\n<h2 class=\"wp-block-heading\" id=\"tarte-aux-mendiants\"><mark style=\"background-color:rgba(0, 0, 0, 0)\" class=\"has-inline-color has-vivid-cyan-blue-color\"><a rel=\"noreferrer noopener\" href=\"https:\/\/guimard.eu\/index.php\/mes-recettes\/desserts\/tarte-aux-mendiants\/\" data-type=\"URL\" data-id=\"https:\/\/guimard.eu\/index.php\/mes-recettes\/desserts\/tarte-aux-mendiants\/\" target=\"_blank\">Tarte aux mendiants<\/a><\/mark><\/h2>\n\n\n\n<h2 class=\"wp-block-heading\"><a href=\"https:\/\/guimard.eu\/index.php\/tarte-normande-aux-pommes\/\">Tarte Normande aux pommes<\/a><\/h2>\n\n\n\n<h2 class=\"wp-block-heading\" id=\"tiramisu-a-la-mangue-et-speculos\"><a rel=\"noreferrer noopener\" href=\"https:\/\/guimard.eu\/index.php\/2020\/10\/21\/tiramisu-a-la-mangue-et-speculos\/\" data-type=\"URL\" data-id=\"https:\/\/guimard.eu\/index.php\/2020\/10\/21\/tiramisu-a-la-mangue-et-speculos\/\" target=\"_blank\">Tiramisu \u00e0 la mangue et sp\u00e9culos<\/a><\/h2>\n\n\n\n<h2 class=\"wp-block-heading\" id=\"yaourt-au-chocolat\"><a rel=\"noreferrer noopener\" href=\"https:\/\/guimard.eu\/index.php\/yaourt-au-chocolat-a-la-yaourtiere\/\" data-type=\"URL\" data-id=\"https:\/\/guimard.eu\/index.php\/yaourt-au-chocolat-a-la-yaourtiere\/\" target=\"_blank\">Yaourt au chocolat<\/a><\/h2>\n\n\n\n<div class=\"wp-block-buttons is-layout-flex wp-block-buttons-is-layout-flex\">\n<div class=\"wp-block-button\"><a class=\"wp-block-button__link wp-element-button\" href=\"http:\/\/guimard.eu\/\">Accueil<\/a><\/div>\n<\/div>\n","protected":false},"excerpt":{"rendered":"<p>Base de p\u00e2tisserie Biscuits pour g\u00e2teaux Cr\u00eame aux \u0153ufs Entremet mousse vanille avec insert \u00e0 la framboise et dacquoise Flan<\/p>\n","protected":false},"author":1,"featured_media":0,"parent":376,"menu_order":0,"comment_status":"closed","ping_status":"closed","template":"","meta":{"colormag_page_container_layout":"default_layout","colormag_page_sidebar_layout":"default_layout","footnotes":""},"class_list":["post-632","page","type-page","status-publish","hentry"],"_links":{"self":[{"href":"https:\/\/guimard.eu\/index.php\/wp-json\/wp\/v2\/pages\/632","targetHints":{"allow":["GET"]}}],"collection":[{"href":"https:\/\/guimard.eu\/index.php\/wp-json\/wp\/v2\/pages"}],"about":[{"href":"https:\/\/guimard.eu\/index.php\/wp-json\/wp\/v2\/types\/page"}],"author":[{"embeddable":true,"href":"https:\/\/guimard.eu\/index.php\/wp-json\/wp\/v2\/users\/1"}],"replies":[{"embeddable":true,"href":"https:\/\/guimard.eu\/index.php\/wp-json\/wp\/v2\/comments?post=632"}],"version-history":[{"count":22,"href":"https:\/\/guimard.eu\/index.php\/wp-json\/wp\/v2\/pages\/632\/revisions"}],"predecessor-version":[{"id":1462,"href":"https:\/\/guimard.eu\/index.php\/wp-json\/wp\/v2\/pages\/632\/revisions\/1462"}],"up":[{"embeddable":true,"href":"https:\/\/guimard.eu\/index.php\/wp-json\/wp\/v2\/pages\/376"}],"wp:attachment":[{"href":"https:\/\/guimard.eu\/index.php\/wp-json\/wp\/v2\/media?parent=632"}],"curies":[{"name":"wp","href":"https:\/\/api.w.org\/{rel}","templated":true}]}}