{"id":668,"date":"2021-01-12T13:17:39","date_gmt":"2021-01-12T12:17:39","guid":{"rendered":"https:\/\/guimard.eu\/?page_id=668"},"modified":"2024-03-25T07:57:29","modified_gmt":"2024-03-25T06:57:29","slug":"tarte-aux-mendiants","status":"publish","type":"page","link":"https:\/\/guimard.eu\/index.php\/mes-recettes\/desserts\/tarte-aux-mendiants\/","title":{"rendered":"Tarte aux mendiants"},"content":{"rendered":"\n<p><em>Commencer par pr\u00e9chauffer votre four \u00e0 180\u00b0.<\/em><\/p>\n\n\n\n<h3 class=\"wp-block-heading\"><span class=\"has-inline-color has-vivid-cyan-blue-color\"><strong>Ingr\u00e9dients<\/strong> :<\/span><\/h3>\n\n\n\n<h4 class=\"wp-block-heading\"><span class=\"has-inline-color has-luminous-vivid-orange-color\">Tarte :<\/span><\/h4>\n\n\n\n<ol class=\"wp-block-list\"><li>1 rouleau de p\u00e2te sabl\u00e9e ou sucr\u00e9e <em>(c&rsquo;est simple \u00e0 faire soit m\u00eame <a rel=\"noreferrer noopener\" href=\"https:\/\/guimard.eu\/index.php\/mes-recettes\/base-de-patisserie\/\" target=\"_blank\">(ici)<\/a>)<\/em><\/li><li>100 grammes d&rsquo;amandes et noisettes concass\u00e9es<\/li><li>100 grammes de cerneaux de noix<\/li><li>100 grammes de figues<\/li><li>100 grammes de raisins blonds secs<\/li><li>2 cuill\u00e8res \u00e0 soupe de miel liquide<\/li><li>Sucre glace<\/li><\/ol>\n\n\n\n<h4 class=\"wp-block-heading\"><span class=\"has-inline-color has-luminous-vivid-orange-color\">Cr\u00e8me d&rsquo;amandes :<\/span><\/h4>\n\n\n\n<ol class=\"wp-block-list\"><li>100 grammes de beurre mou + 10 grammes pour beurrer le cercle \u00e0 tarte.<\/li><li>100 grammes de sucre<\/li><li>1 gousse de vanille<\/li><li>2 \u0153ufs<\/li><li>100 grammes de poudre d&rsquo;amandes<\/li><\/ol>\n\n\n\n<h3 class=\"wp-block-heading\"><span class=\"has-inline-color has-vivid-cyan-blue-color\">Pr\u00e9paration : <\/span><\/h3>\n\n\n\n<ol class=\"wp-block-list\"><li>Commencer par battre le beurre<em> (M\u00e9langer avec une spatule)<\/em><\/li><li>Mettre la gousse de vanille<\/li><li>Ajouter les 100 grammes de sucre<\/li><li>Ajouter les \u0153ufs <em>(battus de pr\u00e9f\u00e9rence)<\/em><\/li><li>M\u00e9langer bien<\/li><li>Ajouter en une seule fois toute la poudre d&rsquo;amandes<\/li><li>Mettre la p\u00e2te dans le plat \u00e0 tartre beurr\u00e9<\/li><li>Piquer la p\u00e2te avec une fourchette<\/li><li>Verser la cr\u00e8me d&rsquo;amandes sur la p\u00e2te et \u00e9taler la<\/li><li>Verser dans un saladier les amandes et noisettes concass\u00e9es, cerneaux de noix, les figues et le raisin blond<\/li><li>Bien m\u00e9langer<\/li><li>Etaler tout sur la p\u00e2te<\/li><li>Verser le miel sur toute la tarte<\/li><li>Mettre la tarte au four pendant 25 minutes \u00e0 180\u00b0<\/li><\/ol>\n\n\n<div class=\"wp-block-buttons is-layout-flex wp-block-buttons-is-layout-flex\">\n<div class=\"wp-block-button\"><a class=\"wp-block-button__link wp-element-button\" href=\"http:\/\/guimard.eu\/\">Accueil<\/a><\/div>\n<\/div>\n","protected":false},"excerpt":{"rendered":"<p>Commencer par pr\u00e9chauffer votre four \u00e0 180\u00b0. Ingr\u00e9dients : Tarte : 1 rouleau de p\u00e2te sabl\u00e9e ou sucr\u00e9e (c&rsquo;est simple<\/p>\n","protected":false},"author":1,"featured_media":0,"parent":632,"menu_order":0,"comment_status":"closed","ping_status":"closed","template":"","meta":{"colormag_page_container_layout":"default_layout","colormag_page_sidebar_layout":"default_layout","footnotes":""},"class_list":["post-668","page","type-page","status-publish","hentry"],"_links":{"self":[{"href":"https:\/\/guimard.eu\/index.php\/wp-json\/wp\/v2\/pages\/668","targetHints":{"allow":["GET"]}}],"collection":[{"href":"https:\/\/guimard.eu\/index.php\/wp-json\/wp\/v2\/pages"}],"about":[{"href":"https:\/\/guimard.eu\/index.php\/wp-json\/wp\/v2\/types\/page"}],"author":[{"embeddable":true,"href":"https:\/\/guimard.eu\/index.php\/wp-json\/wp\/v2\/users\/1"}],"replies":[{"embeddable":true,"href":"https:\/\/guimard.eu\/index.php\/wp-json\/wp\/v2\/comments?post=668"}],"version-history":[{"count":6,"href":"https:\/\/guimard.eu\/index.php\/wp-json\/wp\/v2\/pages\/668\/revisions"}],"predecessor-version":[{"id":1182,"href":"https:\/\/guimard.eu\/index.php\/wp-json\/wp\/v2\/pages\/668\/revisions\/1182"}],"up":[{"embeddable":true,"href":"https:\/\/guimard.eu\/index.php\/wp-json\/wp\/v2\/pages\/632"}],"wp:attachment":[{"href":"https:\/\/guimard.eu\/index.php\/wp-json\/wp\/v2\/media?parent=668"}],"curies":[{"name":"wp","href":"https:\/\/api.w.org\/{rel}","templated":true}]}}